{"id":200961,"date":"2019-10-23T13:59:39","date_gmt":"2019-10-23T11:59:39","guid":{"rendered":"https:\/\/www.patatasconde.com\/producto\/patata-violeta-y-rosa"},"modified":"2020-09-16T12:00:14","modified_gmt":"2020-09-16T10:00:14","slug":"pataca-violeta-e-rosa","status":"publish","type":"product","link":"https:\/\/www.patatasconde.com\/gl\/pataca-violeta-e-rosa","title":{"rendered":"Pataca violeta e rosa"},"content":{"rendered":"<blockquote><p>A pataca \u00e9 multirracial e consegue que poidamos degustar diferentes formas, texturas, sabores, cores, etc.<\/p>\n<p>Estas patacas rosas e violetas rompen co estereotipo de cor.<\/p>\n<p>Son ideais para fritir tipo chip ou facer un pur\u00e9 que dea moita combinaci\u00f3n aos teus pratos m\u00e1is enxe\u00f1osos. Imax\u00ednate unha guarnici\u00f3n de pur\u00e9 de patacas violeta para unha carne asada. No noso <a href=\"https:\/\/www.patatasconde.com\/gl\/receitas-con-patacas\" target=\"_blank\" rel=\"noopener noreferrer\">libro de receitas con patacas<\/a> poder\u00e1s atopar diferentes opci\u00f3ns. <a href=\"http:\/\/www.rtve.es\/alacarta\/videos\/la-manana\/saber-cocinar-truco-papel-patata-violeta\/2090993\/\" target=\"_blank\" rel=\"noopener noreferrer\">Neste v\u00eddeo<\/a> tam\u00e9n podes atopar algunha suxerencia.<\/p>\n<p>A orixe das patacas violetas e rosas de Patacas Conde \u00e9 sempre nacional.<\/p><\/blockquote>\n<h2 style=\"font-weight: 400;\"><strong>Caracter\u00edsticas da pataca violeta<\/strong><\/h2>\n<ul>\n<li style=\"font-weight: 400;\">Variedade:\u00a0Fleur blue, Bergerac, Vittelote<\/li>\n<li style=\"font-weight: 400;\">Calibre: 30-70 mm<\/li>\n<li style=\"font-weight: 400;\">Forma dos tub\u00e9rculos: ovalada alongada<\/li>\n<li style=\"font-weight: 400;\">Pel fina de cor violeta escura<\/li>\n<li style=\"font-weight: 400;\">Cor da carne: violeta<\/li>\n<\/ul>\n<h2 style=\"font-weight: 400;\"><strong>Carater\u00edsticas da pataca rosa<\/strong><\/h2>\n<ul>\n<li style=\"font-weight: 400;\">Variedades: Zoe<\/li>\n<li style=\"font-weight: 400;\">Calibre: 30-70 mm<\/li>\n<li style=\"font-weight: 400;\">Forma dos tub\u00e9rculos: ovalada alongada<\/li>\n<li style=\"font-weight: 400;\">Pel fina de cor vermella<\/li>\n<li style=\"font-weight: 400;\">Cor da carne: rosa<\/li>\n<\/ul>\n","protected":false},"excerpt":{"rendered":"<p>A pataca \u00e9 multirracial e consegue que poidamos degustar diferentes formas, texturas, sabores, cores, etc.<\/p>\n","protected":false},"featured_media":209241,"template":"","meta":[],"product_brand":[],"product_cat":[328],"product_tag":[],"class_list":{"0":"post-200961","1":"product","2":"type-product","3":"status-publish","4":"has-post-thumbnail","6":"product_cat-gama","8":"first","9":"instock","10":"taxable","11":"shipping-taxable","12":"product-type-variable"},"amp_enabled":true,"_links":{"self":[{"href":"https:\/\/www.patatasconde.com\/gl\/wp-json\/wp\/v2\/product\/200961","targetHints":{"allow":["GET"]}}],"collection":[{"href":"https:\/\/www.patatasconde.com\/gl\/wp-json\/wp\/v2\/product"}],"about":[{"href":"https:\/\/www.patatasconde.com\/gl\/wp-json\/wp\/v2\/types\/product"}],"wp:featuredmedia":[{"embeddable":true,"href":"https:\/\/www.patatasconde.com\/gl\/wp-json\/wp\/v2\/media\/209241"}],"wp:attachment":[{"href":"https:\/\/www.patatasconde.com\/gl\/wp-json\/wp\/v2\/media?parent=200961"}],"wp:term":[{"taxonomy":"product_brand","embeddable":true,"href":"https:\/\/www.patatasconde.com\/gl\/wp-json\/wp\/v2\/product_brand?post=200961"},{"taxonomy":"product_cat","embeddable":true,"href":"https:\/\/www.patatasconde.com\/gl\/wp-json\/wp\/v2\/product_cat?post=200961"},{"taxonomy":"product_tag","embeddable":true,"href":"https:\/\/www.patatasconde.com\/gl\/wp-json\/wp\/v2\/product_tag?post=200961"}],"curies":[{"name":"wp","href":"https:\/\/api.w.org\/{rel}","templated":true}]}}

<blockquote><p>A pataca é multirracial e consegue que poidamos degustar diferentes formas, texturas, sabores, cores, etc.</p>
<p>Estas patacas rosas e violetas rompen co estereotipo de cor.</p>
<p>Son ideais para fritir tipo chip ou facer un puré que dea moita combinación aos teus pratos máis enxeñosos. Imaxínate unha guarnición de puré de patacas violeta para unha carne asada. No noso <a href="https://www.patatasconde.com/gl/receitas-con-patacas" target="_blank" rel="noopener noreferrer">libro de receitas con patacas</a> poderás atopar diferentes opcións. <a href="http://www.rtve.es/alacarta/videos/la-manana/saber-cocinar-truco-papel-patata-violeta/2090993/" target="_blank" rel="noopener noreferrer">Neste vídeo</a> tamén podes atopar algunha suxerencia.</p>
<p>A orixe das patacas violetas e rosas de Patacas Conde é sempre nacional.</p></blockquote>
<h2 style="font-weight: 400;"><strong>Características da pataca violeta</strong></h2>
<ul>
<li style="font-weight: 400;">Variedade: Fleur blue, Bergerac, Vittelote</li>
<li style="font-weight: 400;">Calibre: 30-70 mm</li>
<li style="font-weight: 400;">Forma dos tubérculos: ovalada alongada</li>
<li style="font-weight: 400;">Pel fina de cor violeta escura</li>
<li style="font-weight: 400;">Cor da carne: violeta</li>
</ul>
<h2 style="font-weight: 400;"><strong>Caraterísticas da pataca rosa</strong></h2>
<ul>
<li style="font-weight: 400;">Variedades: Zoe</li>
<li style="font-weight: 400;">Calibre: 30-70 mm</li>
<li style="font-weight: 400;">Forma dos tubérculos: ovalada alongada</li>
<li style="font-weight: 400;">Pel fina de cor vermella</li>
<li style="font-weight: 400;">Cor da carne: rosa</li>
</ul>

<p>A pataca é multirracial e consegue que poidamos degustar diferentes formas, texturas, sabores, cores, etc.</p>
